culate the greatest common divisor of 42 and 2688.
42
What is the highest common divisor of 430 and 2537?
43
Calculate the highest common factor of 24 and 1272.
24
Calculate the greatest common divisor of 78 and 6.
6
Calculate the highest common factor of 15 and 810.
15
What is the highest common factor of 21 and 119?
7
What is the greatest common factor of 66 and 286?
22
Calculate the highest common factor of 136 and 663.
17
Calculate the highest common divisor of 80 and 48.
16
What is the greatest common divisor of 153 and 81?
9
Calculate the highest common divisor of 38 and 494.
38
Calculate the highest common factor of 34 and 1479.
17
Calculate the greatest common factor of 8 and 52.
4
What is the highest common factor of 16 and 28?
4
Calculate the greatest common divisor of 5630 and 20.
10
Calculate the highest common factor of 803 and 99.
11
What is the highest common factor of 943 and 3239?
41
Calculate the highest common divisor of 1112 and 417.
139
Calculate the greatest common factor of 18 and 576.
18
Calculate the highest common factor of 54 and 198.
18
What is the greatest common factor of 30080 and 16?
16
What is the greatest common factor of 201 and 268?
67
Calculate the greatest common factor of 4582 and 158.
158
Calculate the highest common divisor of 1691 and 532.
19
Calculate the highest common factor of 170 and 595.
85
Calculate the greatest common divisor of 16 and 12.
4
Calculate the highest common factor of 8556 and 1860.
372
Calculate the greatest common factor of 1300 and 6175.
325
Calculate the highest common factor of 98 and 364.
14
Calculate the highest common factor of 1 and 393.
1
Calculate the greatest common divisor of 30 and 585.
15
Calculate the greatest common divisor of 676 and 156.
52
Calculate the highest common divisor of 1188 and 12.
12
What is the highest common divisor of 810 and 20?
10
What is the highest common factor of 58 and 2581?
29
What is the greatest common divisor of 10 and 39170?
10
Calculate the highest common factor of 625 and 100.
25
Calculate the greatest common factor of 63 and 9.
9
Calculate the greatest common factor of 595 and 238.
119
Calculate the greatest common divisor of 245 and 441.
49
What is the highest common divisor of 84 and 11928?
84
What is the greatest common divisor of 252 and 360?
36
Calculate the highest common divisor of 507 and 975.
39
Calculate the greatest common divisor of 729 and 54.
27
What is the highest common factor of 77 and 35?
7
Calculate the highest common factor of 8 and 568.
8
What is the greatest common divisor of 225 and 50?
25
Calculate the highest common factor of 2611 and 42.
7
Calculate the greatest common divisor of 2040 and 25.
5
What is the highest common factor of 16 and 2848?
16
Calculate the highest common divisor of 729 and 9.
9
Calculate the greatest common factor of 40 and 10560.
40
Calculate the greatest common divisor of 8 and 11000.
8
What is the highest common divisor of 66 and 22?
22
Calculate the highest common factor of 30 and 453.
3
Calculate the greatest common factor of 640 and 3120.
80
What is the greatest common factor of 2622 and 276?
138
What is the greatest common divisor of 121 and 1892?
11
What is the highest common factor of 1925 and 77?
77
What is the greatest common divisor of 23 and 12374?
23
What is the highest common factor of 16 and 11888?
16
What is the highest common factor of 120 and 11520?
120
What is the greatest common divisor of 2500 and 20?
20
What is the highest common divisor of 246 and 318?
6
Calculate the highest common divisor of 75 and 275.
25
What is the highest common divisor of 35 and 483?
7
What is the greatest common divisor of 88 and 968?
88
Calculate the greatest common divisor of 3 and 68.
1
What is the greatest common divisor of 28 and 630?
14
Calculate the highest common divisor of 68 and 1530.
34
What is the highest common divisor of 32 and 40?
8
Calculate the highest common factor of 6 and 1014.
6
What is the greatest common factor of 4655 and 95?
95
Calculate the greatest common factor of 92 and 989.
23
What is the highest common factor of 18 and 2097?
9
What is the greatest common divisor of 36 and 9?
9
Calculate the highest common factor of 2088 and 2871.
261
What is the highest common factor of 144 and 18?
18
What is the highest common factor of 12 and 29268?
12
Calculate the greatest common factor of 63 and 294.
21
What is the highest common divisor of 880 and 1460?
20
What is the highest common divisor of 14 and 203?
7
What is the greatest common factor of 530 and 10?
10
What is the highest common factor of 7 and 112?
7
What is the highest common divisor of 513 and 108?
27
Calculate the greatest common divisor of 14 and 49.
7
What is the highest common factor of 15 and 915?
15
What is the highest common factor of 360 and 1035?
45
What is the greatest common factor of 49 and 98?
49
Calculate the highest common factor of 92 and 17687.
23
What is the greatest common divisor of 59 and 413?
59
What is the highest common divisor of 60 and 1940?
20
Calculate the greatest common factor of 19745 and 55.
55
Calculate the highest common divisor of 78 and 130.
26
Calculate the greatest common factor of 43 and 1204.
43
What is the highest common factor of 80 and 100?
20
Calculate the highest common factor of 9 and 81.
9
What is the greatest common factor of 567 and 119?
7
Calculate the highest common divisor of 1105 and 1615.
85
Calculate the highest common divisor of 232 and 62872.
232
Calculate the greatest common divisor of 81 and 675.
27
What is the greatest common factor of 1734 and 68?
34
What is the highest common divisor of 10 and 7070?
10
What is the highest common factor of 144 and 18?
18
What is the greatest common divisor of 12 and 4128?
12
What is the greatest common divisor of 5136 and 2996?
428
What is the highest common factor of 1974 and 94?
94
What is the highest common factor of 36 and 324?
36
What is the highest common factor of 46 and 8349?
23
What is the highest common divisor of 1920 and 30?
30
What is the highest common divisor of 56 and 434?
14
Calculate the greatest common divisor of 3976 and 112.
56
What is the highest common factor of 154 and 154?
154
Calculate the greatest common divisor of 423 and 387.
9
Calculate the greatest common divisor of 186 and 24.
6
Calculate the greatest common factor of 3068 and 286.
26
What is the highest common divisor of 3472 and 16?
16
Calculate the highest common divisor of 7055 and 249.
83
What is the highest common divisor of 1512 and 840?
168
What is the highest common factor of 2 and 79?
1
What is the highest common divisor of 256 and 8?
8
What is the highest common divisor of 17 and 1037?
17
What is the greatest common factor of 1 and 12?
1
What is the greatest common factor of 50 and 215?
5
What is the highest common divisor of 29 and 493?
29
What is the highest common factor of 400 and 60?
20
Calculate the highest common factor of 188 and 2021.
47
What is the greatest common factor of 1638 and 39?
39
Calculate the greatest common factor of 52 and 8.
4
Calculate the highest common factor of 11 and 374.
11
Calculate the highest common divisor of 7047 and 87.
87
What is the highest common factor of 413 and 105?
7
What is the greatest common factor of 43137 and 9?
9
What is the greatest common divisor of 147 and 6468?
147
Calculate the greatest common factor of 852 and 497.
71
What is the highest common factor of 23 and 14513?
23
Calculate the highest common factor of 19 and 437.
19
What is the greatest common divisor of 588 and 1323?
147
Calculate the greatest common divisor of 14025 and 165.
165
Calculate the greatest common factor of 70 and 600.
10
Calculate the highest common divisor of 3372 and 12.
12
What is the highest common divisor of 171 and 2907?
171
Calculate the highest common factor of 5 and 1501.
1
What is the highest common divisor of 198 and 4257?
99
What is the highest common factor of 26 and 143?
13
Calculate the highest common divisor of 48 and 1048.
8
What is the greatest common divisor of 6776 and 352?
88
What is the greatest common divisor of 1406 and 152?
38
Calculate the greatest common divisor of 1680 and 240.
240
Calculate the greatest common factor of 704 and 132.
44
Calculate the highest common di